{"id":201,"date":"2022-11-22T14:37:29","date_gmt":"2022-11-22T12:37:29","guid":{"rendered":"https:\/\/satakunnanmessut.fi\/rekrymessut-marraskuu\/?page_id=201"},"modified":"2025-05-22T09:02:29","modified_gmt":"2025-05-22T06:02:29","slug":"yhteystiedot","status":"publish","type":"page","link":"https:\/\/satakunnanmessut.fi\/rekrymessut-marraskuu-2026\/yhteystiedot\/","title":{"rendered":"Yhteystiedot"},"content":{"rendered":"\t\t<div data-elementor-type=\"wp-page\" data-elementor-id=\"201\" class=\"elementor elementor-201\" data-elementor-post-type=\"page\">\n\t\t\t\t\t\t<section class=\"elementor-section elementor-top-section elementor-element elementor-element-32c9259f elementor-section-boxed elementor-section-height-default elementor-section-height-default elementor-invisible\" data-id=\"32c9259f\" data-element_type=\"section\" data-e-type=\"section\" data-settings=\"{&quot;animation&quot;:&quot;fadeIn&quot;}\">\n\t\t\t\t\t\t<div class=\"elementor-container elementor-column-gap-default\">\n\t\t\t\t\t<div class=\"elementor-column elementor-col-100 elementor-top-column elementor-element elementor-element-31ebeb6f\" data-id=\"31ebeb6f\" data-element_type=\"column\" data-e-type=\"column\">\n\t\t\t<div class=\"elementor-widget-wrap elementor-element-populated\">\n\t\t\t\t\t\t<div class=\"elementor-element elementor-element-297c6120 elementor-widget elementor-widget-heading\" data-id=\"297c6120\" data-element_type=\"widget\" data-e-type=\"widget\" data-widget_type=\"heading.default\">\n\t\t\t\t<div class=\"elementor-widget-container\">\n\t\t\t\t\t<h1 class=\"elementor-heading-title elementor-size-default\">OTA YHTEYTT\u00c4<\/h1>\t\t\t\t<\/div>\n\t\t\t\t<\/div>\n\t\t\t\t<div class=\"elementor-element elementor-element-ed836de elementor-widget elementor-widget-heading\" data-id=\"ed836de\" data-element_type=\"widget\" data-e-type=\"widget\" data-widget_type=\"heading.default\">\n\t\t\t\t<div class=\"elementor-widget-container\">\n\t\t\t\t\t<h2 class=\"elementor-heading-title elementor-size-default\">SATAKUNNAN MESSUT<\/h2>\t\t\t\t<\/div>\n\t\t\t\t<\/div>\n\t\t\t\t<div class=\"elementor-element elementor-element-6e6f9873 elementor-widget elementor-widget-text-editor\" data-id=\"6e6f9873\" data-element_type=\"widget\" data-e-type=\"widget\" data-widget_type=\"text-editor.default\">\n\t\t\t\t<div class=\"elementor-widget-container\">\n\t\t\t\t\t\t\t\t\t<p>Ravintie 1<br \/>28130 Pori<br \/><br \/><b>JANI HAANP\u00c4\u00c4<br \/><\/b>Myyntijohtaja <br \/>045 677 8417<br \/>jani.haanpaa@satakunnanviikko.fi<br \/><br \/><strong>EMILIA HAANP\u00c4\u00c4<\/strong><br \/>Myyntineuvottelija<br \/>041 318 3589<br \/>emilia.haanpaa@satakunnanviikko.fi<br \/><br \/><strong>KALLE LEPP\u00c4NEN<\/strong><br \/>Turvallisuus ja liikenne<br \/>040 512 4207<br \/>kalle.leppanen@satakunnanviikko.fi<\/p>\t\t\t\t\t\t\t\t<\/div>\n\t\t\t\t<\/div>\n\t\t\t\t\t<\/div>\n\t\t<\/div>\n\t\t\t\t\t<\/div>\n\t\t<\/section>\n\t\t\t\t<\/div>\n\t\t","protected":false},"excerpt":{"rendered":"<p>OTA YHTEYTT\u00c4 SATAKUNNAN MESSUT Ravintie 128130 Pori JANI HAANP\u00c4\u00c4Myyntijohtaja 045 677 8417jani.haanpaa@satakunnanviikko.fi EMILIA HAANP\u00c4\u00c4Myyntineuvottelija041 318 3589emilia.haanpaa@satakunnanviikko.fi KALLE LEPP\u00c4NENTurvallisuus ja liikenne040 512 4207kalle.leppanen@satakunnanviikko.fi<\/p>\n","protected":false},"author":2,"featured_media":0,"parent":0,"menu_order":0,"comment_status":"closed","ping_status":"closed","template":"","meta":{"footnotes":""},"class_list":["post-201","page","type-page","status-publish","hentry"],"yoast_head":"<!-- This site is optimized with the Yoast SEO plugin v27.4 - https:\/\/yoast.com\/product\/yoast-seo-wordpress\/ -->\n<title>Yhteystiedot - Rekrymessut 11.11.2026<\/title>\n<meta name=\"robots\" content=\"index, follow, max-snippet:-1, max-image-preview:large, max-video-preview:-1\" \/>\n<link rel=\"canonical\" href=\"https:\/\/satakunnanmessut.fi\/rekrymessut-marraskuu-2026\/yhteystiedot\/\" \/>\n<meta property=\"og:locale\" content=\"fi_FI\" \/>\n<meta property=\"og:type\" content=\"article\" \/>\n<meta property=\"og:title\" content=\"Yhteystiedot - Rekrymessut 11.11.2026\" \/>\n<meta property=\"og:description\" content=\"OTA YHTEYTT\u00c4 SATAKUNNAN MESSUT Ravintie 128130 Pori JANI HAANP\u00c4\u00c4Myyntijohtaja 045 677 8417jani.haanpaa@satakunnanviikko.fi EMILIA HAANP\u00c4\u00c4Myyntineuvottelija041 318 3589emilia.haanpaa@satakunnanviikko.fi KALLE LEPP\u00c4NENTurvallisuus ja liikenne040 512 4207kalle.leppanen@satakunnanviikko.fi\" \/>\n<meta property=\"og:url\" content=\"https:\/\/satakunnanmessut.fi\/rekrymessut-marraskuu-2026\/yhteystiedot\/\" \/>\n<meta property=\"og:site_name\" content=\"Rekrymessut 11.11.2026\" \/>\n<meta property=\"article:modified_time\" content=\"2025-05-22T06:02:29+00:00\" \/>\n<meta name=\"twitter:card\" content=\"summary_large_image\" \/>\n<meta name=\"twitter:label1\" content=\"Arvioitu lukuaika\" \/>\n\t<meta name=\"twitter:data1\" content=\"1 minuutti\" \/>\n<script type=\"application\/ld+json\" class=\"yoast-schema-graph\">{\"@context\":\"https:\\\/\\\/schema.org\",\"@graph\":[{\"@type\":\"WebPage\",\"@id\":\"https:\\\/\\\/satakunnanmessut.fi\\\/rekrymessut-marraskuu-2026\\\/yhteystiedot\\\/\",\"url\":\"https:\\\/\\\/satakunnanmessut.fi\\\/rekrymessut-marraskuu-2026\\\/yhteystiedot\\\/\",\"name\":\"Yhteystiedot - Rekrymessut 11.11.2026\",\"isPartOf\":{\"@id\":\"https:\\\/\\\/satakunnanmessut.fi\\\/rekrymessut-marraskuu-2026\\\/#website\"},\"datePublished\":\"2022-11-22T12:37:29+00:00\",\"dateModified\":\"2025-05-22T06:02:29+00:00\",\"breadcrumb\":{\"@id\":\"https:\\\/\\\/satakunnanmessut.fi\\\/rekrymessut-marraskuu-2026\\\/yhteystiedot\\\/#breadcrumb\"},\"inLanguage\":\"fi\",\"potentialAction\":[{\"@type\":\"ReadAction\",\"target\":[\"https:\\\/\\\/satakunnanmessut.fi\\\/rekrymessut-marraskuu-2026\\\/yhteystiedot\\\/\"]}]},{\"@type\":\"BreadcrumbList\",\"@id\":\"https:\\\/\\\/satakunnanmessut.fi\\\/rekrymessut-marraskuu-2026\\\/yhteystiedot\\\/#breadcrumb\",\"itemListElement\":[{\"@type\":\"ListItem\",\"position\":1,\"name\":\"Etusivu\",\"item\":\"https:\\\/\\\/satakunnanmessut.fi\\\/rekrymessut-marraskuu-2026\\\/\"},{\"@type\":\"ListItem\",\"position\":2,\"name\":\"Yhteystiedot\"}]},{\"@type\":\"WebSite\",\"@id\":\"https:\\\/\\\/satakunnanmessut.fi\\\/rekrymessut-marraskuu-2026\\\/#website\",\"url\":\"https:\\\/\\\/satakunnanmessut.fi\\\/rekrymessut-marraskuu-2026\\\/\",\"name\":\"Rekrymessut 11.11.2026\",\"description\":\"Ty\u00f6paikkoja tarjoavien yritysten edustajia, sek\u00e4 tuoretta tietoa mm. eri alojen koulutuksista.\",\"potentialAction\":[{\"@type\":\"SearchAction\",\"target\":{\"@type\":\"EntryPoint\",\"urlTemplate\":\"https:\\\/\\\/satakunnanmessut.fi\\\/rekrymessut-marraskuu-2026\\\/?s={search_term_string}\"},\"query-input\":{\"@type\":\"PropertyValueSpecification\",\"valueRequired\":true,\"valueName\":\"search_term_string\"}}],\"inLanguage\":\"fi\"}]}<\/script>\n<!-- \/ Yoast SEO plugin. -->","yoast_head_json":{"title":"Yhteystiedot - Rekrymessut 11.11.2026","robots":{"index":"index","follow":"follow","max-snippet":"max-snippet:-1","max-image-preview":"max-image-preview:large","max-video-preview":"max-video-preview:-1"},"canonical":"https:\/\/satakunnanmessut.fi\/rekrymessut-marraskuu-2026\/yhteystiedot\/","og_locale":"fi_FI","og_type":"article","og_title":"Yhteystiedot - Rekrymessut 11.11.2026","og_description":"OTA YHTEYTT\u00c4 SATAKUNNAN MESSUT Ravintie 128130 Pori JANI HAANP\u00c4\u00c4Myyntijohtaja 045 677 8417jani.haanpaa@satakunnanviikko.fi EMILIA HAANP\u00c4\u00c4Myyntineuvottelija041 318 3589emilia.haanpaa@satakunnanviikko.fi KALLE LEPP\u00c4NENTurvallisuus ja liikenne040 512 4207kalle.leppanen@satakunnanviikko.fi","og_url":"https:\/\/satakunnanmessut.fi\/rekrymessut-marraskuu-2026\/yhteystiedot\/","og_site_name":"Rekrymessut 11.11.2026","article_modified_time":"2025-05-22T06:02:29+00:00","twitter_card":"summary_large_image","twitter_misc":{"Arvioitu lukuaika":"1 minuutti"},"schema":{"@context":"https:\/\/schema.org","@graph":[{"@type":"WebPage","@id":"https:\/\/satakunnanmessut.fi\/rekrymessut-marraskuu-2026\/yhteystiedot\/","url":"https:\/\/satakunnanmessut.fi\/rekrymessut-marraskuu-2026\/yhteystiedot\/","name":"Yhteystiedot - Rekrymessut 11.11.2026","isPartOf":{"@id":"https:\/\/satakunnanmessut.fi\/rekrymessut-marraskuu-2026\/#website"},"datePublished":"2022-11-22T12:37:29+00:00","dateModified":"2025-05-22T06:02:29+00:00","breadcrumb":{"@id":"https:\/\/satakunnanmessut.fi\/rekrymessut-marraskuu-2026\/yhteystiedot\/#breadcrumb"},"inLanguage":"fi","potentialAction":[{"@type":"ReadAction","target":["https:\/\/satakunnanmessut.fi\/rekrymessut-marraskuu-2026\/yhteystiedot\/"]}]},{"@type":"BreadcrumbList","@id":"https:\/\/satakunnanmessut.fi\/rekrymessut-marraskuu-2026\/yhteystiedot\/#breadcrumb","itemListElement":[{"@type":"ListItem","position":1,"name":"Etusivu","item":"https:\/\/satakunnanmessut.fi\/rekrymessut-marraskuu-2026\/"},{"@type":"ListItem","position":2,"name":"Yhteystiedot"}]},{"@type":"WebSite","@id":"https:\/\/satakunnanmessut.fi\/rekrymessut-marraskuu-2026\/#website","url":"https:\/\/satakunnanmessut.fi\/rekrymessut-marraskuu-2026\/","name":"Rekrymessut 11.11.2026","description":"Ty\u00f6paikkoja tarjoavien yritysten edustajia, sek\u00e4 tuoretta tietoa mm. eri alojen koulutuksista.","potentialAction":[{"@type":"SearchAction","target":{"@type":"EntryPoint","urlTemplate":"https:\/\/satakunnanmessut.fi\/rekrymessut-marraskuu-2026\/?s={search_term_string}"},"query-input":{"@type":"PropertyValueSpecification","valueRequired":true,"valueName":"search_term_string"}}],"inLanguage":"fi"}]}},"_links":{"self":[{"href":"https:\/\/satakunnanmessut.fi\/rekrymessut-marraskuu-2026\/wp-json\/wp\/v2\/pages\/201","targetHints":{"allow":["GET"]}}],"collection":[{"href":"https:\/\/satakunnanmessut.fi\/rekrymessut-marraskuu-2026\/wp-json\/wp\/v2\/pages"}],"about":[{"href":"https:\/\/satakunnanmessut.fi\/rekrymessut-marraskuu-2026\/wp-json\/wp\/v2\/types\/page"}],"author":[{"embeddable":true,"href":"https:\/\/satakunnanmessut.fi\/rekrymessut-marraskuu-2026\/wp-json\/wp\/v2\/users\/2"}],"replies":[{"embeddable":true,"href":"https:\/\/satakunnanmessut.fi\/rekrymessut-marraskuu-2026\/wp-json\/wp\/v2\/comments?post=201"}],"version-history":[{"count":0,"href":"https:\/\/satakunnanmessut.fi\/rekrymessut-marraskuu-2026\/wp-json\/wp\/v2\/pages\/201\/revisions"}],"wp:attachment":[{"href":"https:\/\/satakunnanmessut.fi\/rekrymessut-marraskuu-2026\/wp-json\/wp\/v2\/media?parent=201"}],"curies":[{"name":"wp","href":"https:\/\/api.w.org\/{rel}","templated":true}]}}